Let w be 8/(-12)*(-9 + 0). Suppose w*a = 3*a + 12. Suppose 2 = -a*g + 2*z + 8, g - 6 = -z. Calculate the remainder when 3 is divided by g.
0
Let f(a) be the second derivative of 8*a**3/3 - a**2 - 2*a. Let o be (-8)/24*-3*2. Calculate the remainder when f(o) is divided by 8.
6
Let f(c) = 13 + 22 + c + 1 - 12. Calculate the remainder when f(17) is divided by 11.
8
Let w(g) = -4*g + 134. What is the remainder when 47 is divided by w(28)?
3
Let t(w) = -111*w - 361. Suppose 3*o = -6*z + z + 31, 0 = -o - 3*z + 5. Calculate the remainder when t(-4) is divided by o.
15
Let r be (3 + 12)*5/15. What is the remainder when 45 is divided by 20 + -1 + r + 0?
21
Let v(w) = -w**2 - w + 36. Calculate the remainder when v(0) is divided by (-6)/18 + 183/9.
16
Let k = 5 + -1. Suppose -62 + 26 = -9*y. Suppose -y*c = 4 - 24. Calculate the remainder when c is divided by k.
1
Let b(l) = l**2 + 3*l + 2. Let v be b(3). Suppose -68 = v*m - 16*m. Let k(s) = -s - 5. Calculate the remainder when 47 is divided by k(m).
11
Suppose 12*g + 27 = 13*g. What is the remainder when 185 is divided by g?
23
Let m = -148 - -282. Calculate the remainder when m is divided by (-72)/(-6 - -2) - 3.
14
Let w = 1288 - 1280. What is the remainder when 212 is divided by w?
4
Suppose 128 - 1458 = -35*d. Suppose 0 = -0*x + 4*x - 448. Calculate the remainder when x is divided by d.
36
Let g be 164/6*(-3)/2. Let o = 72 + g. What is the remainder when o is divided by (-3)/((-6)/(-16)*-1)?
7
Let g = 4 + -2. What is the remainder when ((-6)/(-8*3))/((-3)/(-108)) is divided by (2 - -1) + 0 + g?
4
Let u(c) = -15*c - 7. Suppose -1 = -l, -s + 2 = l - 12. Calculate the remainder when u(-3) is divided by s.
12
Let k = 37 + -28. What is the remainder when (-3)/((-18)/(-64))*(-204)/136 is divided by k?
7
Let h = 131 + -62. What is the remainder when h is divided by 2?
1
Suppose 120*s - 340 = 115*s. Calculate the remainder when 200 is divided by s.
64
Let f(s) = -2*s + 12. Let x be f(5). Suppose -2*m + 5*u = -43, 3*m - 157 = -x*m - 4*u. Calculate the remainder when m is divided by 4.
1
Let i(c) = -c - 9. Let z(o) = -o - 9. Let m(f) = -5*i(f) + 6*z(f). Let j be m(-3). What is the remainder when 53 is divided by (-25 + 4)/(j/4)?
11
Let d(b) = -4 + 2*b - 14 + b + 2*b. What is the remainder when d(9) is divided by 15?
12
Calculate the remainder when 272 is divided by 2 - (-12)/(-9) - (-244)/12.
20
Let m(f) = 5*f - 3 + 10 - 7. Suppose -7 = -5*b - 2. What is the remainder when 14 is divided by m(b)?
4
Let f = -16 - -42. Suppose c - 306 = -2*c + 3*s, 0 = -5*c - 4*s + 492. Calculate the remainder when c is divided by f.
22
Let w(x) = 3*x - 11. Let f be w(7). Suppose 0 = 7*m - 3*m. Suppose m = -6*a + 296 + f. Calculate the remainder when a is divided by 18.
15
Suppose 73 = -3*v + 232. Calculate the remainder when v is divided by 15.
8
Let j(l) = -l**2 - 5*l - 1. Let n be j(-5). Calculate the remainder when (-4 - -5)*(39 + 2) is divided by 0 - (-12 - (4 + n)).
11
Suppose -2*c - 11*q + 74 = -9*q, 0 = 5*c + 4*q - 181. Calculate the remainder when 65 is divided by c.
32
Let b = -219 - -398. Calculate the remainder when b is divided by 30.
29
Suppose -j + 24 = -m, -2*j + m = -4*m - 45. Let u(n) = -3*n**2 - 29*n + 22. Let k be u(-11). Let r = j + k. Calculate the remainder when 8 is divided by r.
2
Let w = -42 - -67. Let k = w + 83. Calculate the remainder when k is divided by ((-407)/22)/((-2)/4).
34
Let c(p) = -p**3 + 2*p**2 + 2*p + 2. Suppose 4*u + 10 = -2*r, -4*u + 1 - 6 = 3*r. Calculate the remainder when r is divided by c(0).
1
Suppose -24*a + 19*a = -155. Calculate the remainder when a is divided by 7.
3
Calculate the remainder when 107 is divided by 12/9*(-33)/(-2).
19
Suppose -478 = 9*h - 3889. Calculate the remainder when h is divided by 56.
43
Let r = -203 + 228. What is the remainder when r is divided by 18?
7
Let m(h) = 3*h**2 - h + 15. Let l be m(-8). Let f = -4 - -6. Calculate the remainder when 1118/l - (-2)/(-10)*1 is divided by f.
1
Let w(y) = y**3 - 8*y**2 - 6*y + 1. Let f(i) = i**2 + 16*i + 6. Let g be (-50)/3 - (2 + (-8)/3). What is the remainder when w(9) is divided by f(g)?
4
Suppose k = 4, 22 + 18 = i + 3*k. Let p = 59 - i. Calculate the remainder when p is divided by 11.
9
Let m(w) = 73*w - 90. Calculate the remainder when m(6) is divided by 50.
48
Suppose -5 = -2*g + 13. Let r = g - -13. Suppose -2*o + 65 - r = -5*b, b + 32 = 3*o. What is the remainder when 25 is divided by o?
7
Suppose 0*l = -l + 4. Suppose 0 = -d - 4*f + 14, 7*f = l*d + 4*f - 56. What is the remainder when 153 is divided by d?
13
Let k = 1407 - 1368. Calculate the remainder when k is divided by 14.
11
Let s(v) = 28*v - 11. Calculate the remainder when 33 is divided by s(1).
16
Let t be 12/16 - 349/(-4). Suppose 0*s - 5*g + 65 = -2*s, -4*s - t = 4*g. Let m = s - -39. Calculate the remainder when m is divided by 8.
6
Calculate the remainder when (170/20)/(2/4) is divided by (-19)/190 + 122/20.
5
Let w be (-1)/(3/2 + -1). Let d(i) be the first derivative of -i**4/4 - 2*i**3/3 - 3*i**2/2 - 3*i - 146. Calculate the remainder when 8 is divided by d(w).
2
Suppose -19*a + 252 = -a. Calculate the remainder when 29 is divided by a.
1
Suppose 102 = -25*t + 10627. Calculate the remainder when t is divided by 53.
50
Suppose 3*b - 5*a - 350 = -108, a = -2*b + 170. Suppose -b = -4*h - 3*h. What is the remainder when 32 is divided by h?
8
Suppose -2*x = 2*y + x - 47, y - 31 = -4*x. What is the remainder when y is divided by 11?
8
Let y = -67 + 153. Let a = y + -60. Calculate the remainder when 76 is divided by a.
24
What is the remainder when 3/((-24)/176)*15/(-6) is divided by 32?
23
Suppose 326 = 4*r - 2*f, 183 = 2*r + 4*f - f. What is the remainder when r is divided by 17?
16
Let k = 47 - 27. Let g be (-2 - 6) + -5 + 3. Let t = g + k. What is the remainder when 17 is divided by t?
7
Let t = -97 + 67. Let n = t + 30. Suppose o = -v + 3 + 81, n = 5*v + 5. What is the remainder when o is divided by 22?
19
Calculate the remainder when 171/(-6)*4/(-6) is divided by 9 + (0 + 2)*1.
8
Let i(w) = -24*w + 308. Calculate the remainder when i(-7) is divided by 97.
88
Suppose 9*o - 7*o = 10. Let u = 35 + -25. Calculate the remainder when u is divided by o.
0
Suppose 0 = 4*b - 7*b + 69. What is the remainder when b is divided by 7?
2
Suppose -4*n + 232 = -5*f - 280, -2*f + 8 = 0. What is the remainder when 142 is divided by n?
9
Let f(x) = 2*x**3 - 2*x + 4. Suppose -2*o + 30 = -5*p + 1, 0 = -3*o - 5*p - 19. What is the remainder when 77 is divided by f(o)?
13
Suppose -6*i + c = -5*i - 185, 2*i = c + 371. Suppose -q = -2*s - 11, -3*q - 12 + 45 = -3*s. What is the remainder when i is divided by q?
10
Suppose 0 = -t - 4*y + 71, -5*y + 7*y + 302 = 4*t. Calculate the remainder when 222 is divided by t.
72
Let c(w) = -w**3 + 2. Let g be c(4). Let d = 75 + g. Calculate the remainder when d is divided by 8.
5
Suppose j + 9*s = 4*s - 44, s = 2*j + 55. Let c = j + 26. Calculate the remainder when (0 + 1)/(c/(-87)) is divided by 16.
13
Let k(a) = 1 + 3*a + 3*a - 2*a + 10*a**2 - a. Let z(n) = 13*n**2 - 1. What is the remainder when k(2) is divided by z(-1)?
11
Let r(g) be the second derivative of -g**3/3 + 7*g**2/2 + 5*g. What is the remainder when r(-5) is divided by 10?
7
Suppose -7 = 2*d + d + 2*c, 0 = -5*d - c - 7. What is the remainder when 43 is divided by ((-138)/24)/(d/4)?
20
Suppose 26*h = 40*h - 8008. Calculate the remainder when h is divided by 18.
14
Calculate the remainder when ((-24)/(-28))/(9/1638) is divided by 33.
24
Let i(b) = b + 7. Let s be i(-1). Let x = s + 17. Let t(d) = -d**3 + 7*d**2 - 4*d - 4. Calculate the remainder when x is divided by t(6).
7
Calculate the remainder when 369 is divided by 1560/8 + -8 + -6.
7
Let o be (5 - 1)*(-1)/(-2). Let q be (-2 - -4)*(4 + o). Suppose -a + 2 + q = 0. Calculate the remainder when 40 is divided by a.
12
Suppose -4*s + 3*u + 124 = 0, -105 = -5*s - u + 31. Suppose -144 = -k + 111. Let j = k + -146. Calculate the remainder when j is divided by s.
25
Suppose 0 = -23*b + 1968 + 5829. Calculate the remainder when b is divided by 19.
16
Let u(l) = l**3 - 7*l**2 - 7*l - 8. Let m be u(8). What is the remainder when (-5 + m - -95) + -1 is divided by 25?
14
Suppose -4*m + 5*m - 25 = 0. Suppose -10 = -i + 3*y, -